 - 11270. List the prime factors of x.
2, 7, 23
Suppose -5*r - 35 = -2*y, 4*r = 2*y + 3*r - 15. Suppose -4*u = h + 10, 4*h - y*u - 40 = -u. What are the prime factors of (24*4/h)/2?
2
What are the prime factors of (-112)/20 + 6 - 39054/(-15)?
2, 3, 7, 31
Let d(y) be the first derivative of -y**3 + 25*y**2/2 - 8*y - 6. What are the prime factors of d(6)?
2, 17
Suppose 3*s = -145 - 2. Let z = s - -54. List the prime factors of z.
5
Let j = 1802 + 776. List the prime factors of j.
2, 1289
Let n = 201 - 5. What are the prime factors of n?
2, 7
Let t(o) = -o**2 + 10*o + 1. Let g be -3 + 5/(5/6). Let c(q) = -q**2 + 10*q + 1. Let v(s) = g*c(s) - 2*t(s). List the prime factors of v(5).
2, 13
Let g(j) = 25*j**2 - 2*j + 10. List the prime factors of g(-3).
241
Let u(f) = -15*f**2 + 2*f**3 + 8*f - 2 + 3 + 3 - 7. List the prime factors of u(7).
2
Suppose -13*i + 18 = -5*x - 11*i, -3*x - 9 = -3*i. Suppose v = -15 + 46. Let w = v + x. List the prime factors of w.
3
Suppose -n - 12 = 3*n. Let g = n + 5. Suppose -23 = -g*d + 25. What are the prime factors of d?
2, 3
Let q(f) = -2*f**3 - 5*f**2 + 34*f - 60. List the prime factors of q(-12).
2, 3, 7
Suppose 3*m - 107 + 426 = 2*o, 5*m = -5*o + 810. List the prime factors of o.
7, 23
Let b(f) = 4*f - 25. Let u be b(7). Suppose -u*s - q = -3, 4*q + 7 = -s + q. What are the prime factors of s?
2
Let u = -4 - -7. Suppose 0 = -5*j + 28 - 3. Suppose 0 = j*x - 5*b - 30, u*x = 2*b - 4 + 23. What are the prime factors of x?
7
Suppose 30*i = 35*i - 100. What are the prime factors of (-516)/i*4/(16/(-20))?
3, 43
Let j = 649 - -4126. List the prime factors of j.
5, 191
Let j = 248 - 93. List the prime factors of j.
5, 31
Let t be (-12)/(-10)*(-30)/(-3). Suppose -k + 2314 = t*k. List the prime factors of k.
2, 89
Suppose 0 = 6*j - 20 - 10. Let k(z) = 46*z - 16. What are the prime factors of k(j)?
2, 107
Let v(w) = -40*w - 116. What are the prime factors of v(-14)?
2, 3, 37
Let f = -383 + 255. Let b = 23 - f. List the prime factors of b.
151
Suppose -132*o = -128*o + 544. Let c = -24 - o. List the prime factors of c.
2, 7
Suppose 8 = 2*h - 0*h, -5*f - 2*h - 47 = 0. Let w = f - -5. What are the prime factors of (3/w)/((-2)/108)?
3
Suppose -6 = -4*v + 5*v. Let c(t) = -t + 11. What are the prime factors of c(v)?
17
Let w be 21/(-35) - (-73)/5. What are the prime factors of 114/42 + 4/w?
3
Let g(w) = -72*w - 13. What are the prime factors of g(-19)?
5, 271
Let d be 6/2 + -16 + -2. What are the prime factors of (16/(-3))/(2/d)?
2, 5
Suppose -26 = -4*w - 6. Suppose -4*y + w*y - 6 = 0. List the prime factors of y.
2, 3
Let r(q) be the third derivative of 13*q**4/24 + q**3 - 8*q**2. What are the prime factors of r(4)?
2, 29
Suppose 0 = -a - 393 + 1510. What are the prime factors of a?
1117
Suppose -9845 = 45*f - 87425. What are the prime factors of f?
2, 431
Let d be -1 + (-7)/(21/(-12)). What are the prime factors of 33*((-64)/(-12) - d)?
7, 11
Let h be (-36 - -41) + (5 - 1). Suppose -5*r + 70 = 2*o, -8 = -4*r - 2*o + 48. Suppose r*i - 15*i + h = 0. What are the prime factors of i?
3
Let n(x) = 27*x**3 + 2*x**2 - x. Let p be n(1). Suppose 0 = p*i - 27*i - 1. List the prime factors of 288/6 - (i - -2).
3, 5
Let b = -14 - -10. Let h(k) = k**2 + 4*k + 4. Let r be h(b). Suppose 4*j - j + 2 = -2*z, r*j = -5*z + 9. What are the prime factors of z?
5
Suppose -f = 5*b - 2322, 7*f = -b + 2*f + 474. What are the prime factors of b?
2, 29
Suppose 7*m = -29*m + 50256. What are the prime factors of m?
2, 349
What are the prime factors of (-7)/((-252)/48) - 262/(-6)?
3, 5
Suppose b - 4*i = 2*b + 14, 0 = 5*b - 2*i - 18. Suppose 0 = -4*j + 16, b*h = -h - 4*j + 178. What are the prime factors of h?
2, 3
Let g(l) = 0*l**3 + l + 4 - 3*l**3 - 3. Let y be g(-1). List the prime factors of -6 + (y - 1) + 11.
7
Let x(q) = 7*q**2 - 2. Let m be x(1). Let v = 22 - m. List the prime factors of v.
17
Let l(u) be the third derivative of u**5/60 + 3*u**4/8 - 9*u**3/2 - 16*u**2. What are the prime factors of l(-14)?
43
Let s(h) = -2*h + 15. Let q be s(25). Let i = 17 + -49. Let m = i - q. What are the prime factors of m?
3
Let d = 5140 + -2233. What are the prime factors of d?
3, 17, 19
Let o be 2*((-5)/(-5) + 2). What are the prime factors of ((-1755)/75)/(o/(-20))?
2, 3, 13
Suppose 2*q = z - 0*q - 89, -2*q - 178 = -2*z. Let i = z - 52. What are the prime factors of i?
37
Let o(y) = y**3 + 9*y**2 + 3*y - 1. Let d be o(-9). Let p = 27 + d. Let r(l) = 45*l**2 - 1. What are the prime factors of r(p)?
2, 11
Let f(l) = -16*l. Let q be f(-1). Let n = q + -22. What are the prime factors of (-3)/(-2)*-2*n?
2, 3
Suppose -h = -o + 12, 2*o + 2*o - 39 = h. Let g be (1/3)/(o/216). Suppose 32 = g*f - 4*f. List the prime factors of f.
2
Let c(n) = -n**3 + 8*n**2 + 9*n + 3. Let g = 29 + -20. Let w be c(g). Suppose -q + w*q = 50. What are the prime factors of q?
5
Suppose 22 + 38 = c - 5*t, 3*c - 80 = -5*t. Let a = -12 + 1. Let m = c + a. List the prime factors of m.
2, 3
Let z = -8058 + 11780. List the prime factors of z.
2, 1861
Let d(t) = 4 - 60*t - 18 + 13 - 74*t. List the prime factors of d(-1).
7, 19
Let q be (-1 + 4)/(12/(-8)). Let o be q + 3 + 2 + 1. Suppose -o*l - 4*r = -116, 3*r - 4*r = 0. List the prime factors of l.
29
Suppose -4*g + 4*m = 32, 2*g + 2 = 5*m - 14. Suppose -35 = -4*f + 89. Let u = f + g. What are the prime factors of u?
23
Suppose 5*i - 221 + 1726 = 5*n, -5*n - 4*i + 1550 = 0. List the prime factors of n.
2, 3, 17
Suppose 0 = 4*h + 11 - 27, -4*a + 5220 = -3*h. List the prime factors of a.
2, 3, 109
What are the prime factors of (-4)/(-3) - (-5090)/3?
2, 3, 283
Let z(y) = 10*y - 4. Let a be 504/(-32) + 1/(-4). Let w be ((-9)/(-12))/((-6)/a). What are the prime factors of z(w)?
2
Suppose 0 = -85*j + 91*j - 6102. List the prime factors of j.
3, 113
Let z = 279 + 29. What are the prime factors of z?
2, 7, 11
Let x = -66 - -128. Suppose -5*f = -4*g - 332, -2*f - 3*g + x = -57. List the prime factors of f.
2
Let x = 62 + -35. Let k be 3*(1 - (-371)/3). List the prime factors of k/18 - (-6)/x.
3, 7
Let q(g) = -5*g**2 - 2*g + 1. Let p be q(1). Let i be ((-3)/p)/(3/(-18)). What are the prime factors of (i + 93/6)*2?
5
Let o(f) = -5*f - 22. Let z be o(-6). Suppose z*i = 11*i - 252. List the prime factors of i.
2, 3, 7
Let s(u) be the second derivative of u**4/12 - 13*u**3/6 + 5*u**2 - 5*u. Let y be s(17). Suppose 4*z - y - 82 = 0. List the prime factors of z.
2, 5
Suppose 3*b + 2*k - 4097 = -0*k, 0 = -4*b + k + 5470. What are the prime factors of b?
1367
Let o be 8/24 + 299/3. Let h = o + 2. List the prime factors of h.
2, 3, 17
Suppose 3*b + 3*y = b + 235, -4*b + 2*y + 510 = 0. Suppose 4*s + 5*t - 71 - 34 = 0, -5*s + b = 5*t. Let l = s + 2. What are the prime factors of l?
2, 11
What are the prime factors of (0 + -2)/((-30)/6675)?
5, 89
Let q = 297 + -265. List the prime factors of q.
2
Let g(y) = -79*y - 40. List the prime factors of g(-6).
2, 7, 31
Suppose -w = -5*g + 15, 9 = 3*w - 3*g - 6. Let i = -2 + w. Suppose 4*z + i = 8*z. What are the prime factors of z?
2
Let d be ((-33)/22)/((-6)/1040). What are the prime factors of 3 + 2 + d/4?
2, 5, 7
Let t(f) be the first derivative of 5*f**3/6 + 5*f**2/2 - 4*f - 5. Let z(o) be the first derivative of t(o). What are the prime factors of z(3)?
2, 5
Suppose 4*q - 86 + 30 = 0. Suppose q = 3*k - u, 2*u = -4*k - k + 5. List the prime factors of (12/(-30))/(k/(-45)).
2, 3
Let a = -2 - 7. List the prime factors of a/(-6)*46/3.
23
Suppose 4*a - 75 = 5*m - 17, 0 = 2*a + 5*m - 14. Let h be 5/(-1)*a/(-30). What are the prime factors of 44/h + 2 + -2?
2, 11
Let y(m) = -10 - 15 - 3 + 17*m + 8. List the prime factors of y(8).
2, 29
Let q(s) = 2*s**3 - 3*s**2 - 2*s + 1. Let p be q(3). Suppose -3*w + 46 = 2*f, 4*w - 3*f - p = 2*w. List the prime factors of w.
2, 7
Suppose 5*i + 3*x + 148 = 0, -4*i - 74 - 42 = 3*x. Let j = 26 - i. What are the prime factors of j?
2, 29
Suppose 3*j = 4*w - 9, -2*j + 4*w - 2*w = 4. Let u = 38 + -37. List the prime factors of 111/(j - -2)*u.
37
Suppose 295*y - 283*y = 7668. List the prime factors of y.
3, 71
Suppose -2*i = -17 - 1. Let u(v) be the first derivative of v**3/3 - v**2/2 - 17*v + 13. What are the prime factors of u(i)?
5, 11
Suppose -970 = -2*j - d, 4*j + 4*d + 1940 = 8*j. List the pr